{"id":643,"date":"2024-03-13T18:27:31","date_gmt":"2024-03-13T18:27:31","guid":{"rendered":"https:\/\/sacramentinassp.com.br\/?page_id=643"},"modified":"2024-04-29T02:34:48","modified_gmt":"2024-04-29T02:34:48","slug":"contato","status":"publish","type":"page","link":"https:\/\/sacramentinassp.com.br\/index.php\/contato\/","title":{"rendered":"Contato"},"content":{"rendered":"\t\t<div data-elementor-type=\"wp-page\" data-elementor-id=\"643\" class=\"elementor elementor-643\" data-elementor-post-type=\"page\">\n\t\t\t\t<div class=\"elementor-element elementor-element-7d961ac e-flex e-con-boxed e-con e-parent\" data-id=\"7d961ac\" data-element_type=\"container\">\n\t\t\t\t\t<div class=\"e-con-inner\">\n\t\t\t\t<div class=\"elementor-element elementor-element-aba2492 elementor-widget elementor-widget-spacer\" data-id=\"aba2492\" data-element_type=\"widget\" data-widget_type=\"spacer.default\">\n\t\t\t\t<div class=\"elementor-widget-container\">\n\t\t\t\t\t\t\t<div class=\"elementor-spacer\">\n\t\t\t<div class=\"elementor-spacer-inner\"><\/div>\n\t\t<\/div>\n\t\t\t\t\t\t<\/div>\n\t\t\t\t<\/div>\n\t\t\t\t\t<\/div>\n\t\t\t\t<\/div>\n\t\t<div class=\"elementor-element elementor-element-fe29c50 e-flex e-con-boxed e-con e-parent\" data-id=\"fe29c50\" data-element_type=\"container\">\n\t\t\t\t\t<div class=\"e-con-inner\">\n\t\t\t\t<div class=\"elementor-element elementor-element-c47277d elementor-widget elementor-widget-text-editor\" data-id=\"c47277d\" data-element_type=\"widget\" data-widget_type=\"text-editor.default\">\n\t\t\t\t<div class=\"elementor-widget-container\">\n\t\t\t\t\t\t\t\t\t<p>Contato<\/p>\t\t\t\t\t\t\t\t<\/div>\n\t\t\t\t<\/div>\n\t\t\t\t\t<\/div>\n\t\t\t\t<\/div>\n\t\t<div class=\"elementor-element elementor-element-4afb141 e-flex e-con-boxed e-con e-parent\" data-id=\"4afb141\" data-element_type=\"container\">\n\t\t\t\t\t<div class=\"e-con-inner\">\n\t\t<div class=\"elementor-element elementor-element-0339f7b e-con-full e-flex e-con e-child\" data-id=\"0339f7b\" data-element_type=\"container\">\n\t\t\t\t<div class=\"elementor-element elementor-element-ff31176 elementor-widget elementor-widget-heading\" data-id=\"ff31176\" data-element_type=\"widget\" data-settings=\"{&quot;_animation_laptop&quot;:&quot;fadeInDown&quot;}\" data-widget_type=\"heading.default\">\n\t\t\t\t<div class=\"elementor-widget-container\">\n\t\t\t\t\t<h2 class=\"elementor-heading-title elementor-size-default\">Contato<\/h2>\t\t\t\t<\/div>\n\t\t\t\t<\/div>\n\t\t\t\t<div class=\"elementor-element elementor-element-50222da elementor-widget-divider--view-line elementor-widget elementor-widget-divider\" data-id=\"50222da\" data-element_type=\"widget\" data-widget_type=\"divider.default\">\n\t\t\t\t<div class=\"elementor-widget-container\">\n\t\t\t\t\t\t\t<div class=\"elementor-divider\">\n\t\t\t<span class=\"elementor-divider-separator\">\n\t\t\t\t\t\t<\/span>\n\t\t<\/div>\n\t\t\t\t\t\t<\/div>\n\t\t\t\t<\/div>\n\t\t\t\t<\/div>\n\t\t\t\t\t<\/div>\n\t\t\t\t<\/div>\n\t\t<div class=\"elementor-element elementor-element-0f02fab e-flex e-con-boxed e-con e-parent\" data-id=\"0f02fab\" data-element_type=\"container\">\n\t\t\t\t\t<div class=\"e-con-inner\">\n\t\t\t\t<div class=\"elementor-element elementor-element-95a837b elementor-widget elementor-widget-spacer\" data-id=\"95a837b\" data-element_type=\"widget\" data-widget_type=\"spacer.default\">\n\t\t\t\t<div class=\"elementor-widget-container\">\n\t\t\t\t\t\t\t<div class=\"elementor-spacer\">\n\t\t\t<div class=\"elementor-spacer-inner\"><\/div>\n\t\t<\/div>\n\t\t\t\t\t\t<\/div>\n\t\t\t\t<\/div>\n\t\t\t\t\t<\/div>\n\t\t\t\t<\/div>\n\t\t<div class=\"elementor-element elementor-element-8d9c3c5 e-flex e-con-boxed e-con e-parent\" data-id=\"8d9c3c5\" data-element_type=\"container\">\n\t\t\t\t\t<div class=\"e-con-inner\">\n\t\t<div class=\"elementor-element elementor-element-548bb79 e-con-full e-flex e-con e-child\" data-id=\"548bb79\" data-element_type=\"container\">\n\t\t\t\t<div class=\"elementor-element elementor-element-eca2ee2 elementor-widget elementor-widget-heading\" data-id=\"eca2ee2\" data-element_type=\"widget\" data-widget_type=\"heading.default\">\n\t\t\t\t<div class=\"elementor-widget-container\">\n\t\t\t\t\t<h2 class=\"elementor-heading-title elementor-size-default\">Ensino Fundamental<\/h2>\t\t\t\t<\/div>\n\t\t\t\t<\/div>\n\t\t\t\t<div class=\"elementor-element elementor-element-0f0f243 elementor-widget elementor-widget-spacer\" data-id=\"0f0f243\" data-element_type=\"widget\" data-widget_type=\"spacer.default\">\n\t\t\t\t<div class=\"elementor-widget-container\">\n\t\t\t\t\t\t\t<div class=\"elementor-spacer\">\n\t\t\t<div class=\"elementor-spacer-inner\"><\/div>\n\t\t<\/div>\n\t\t\t\t\t\t<\/div>\n\t\t\t\t<\/div>\n\t\t\t\t<div class=\"elementor-element elementor-element-33b1fdb elementor-icon-list--layout-traditional elementor-list-item-link-full_width elementor-widget elementor-widget-icon-list\" data-id=\"33b1fdb\" data-element_type=\"widget\" data-widget_type=\"icon-list.default\">\n\t\t\t\t<div class=\"elementor-widget-container\">\n\t\t\t\t\t\t\t<ul class=\"elementor-icon-list-items\">\n\t\t\t\t\t\t\t<li class=\"elementor-icon-list-item\">\n\t\t\t\t\t\t\t\t\t\t\t<span class=\"elementor-icon-list-icon\">\n\t\t\t\t\t\t\t<svg xmlns=\"http:\/\/www.w3.org\/2000\/svg\" xmlns:xlink=\"http:\/\/www.w3.org\/1999\/xlink\" width=\"46\" height=\"46\" viewBox=\"0 0 46 46\"><g id=\"LOCAL\" transform=\"translate(-377 -1049)\"><circle id=\"Ellipse_582\" data-name=\"Ellipse 582\" cx=\"23\" cy=\"23\" r=\"23\" transform=\"translate(377 1049)\" fill=\"#ffcb24\"><\/circle><image id=\"map_1_\" data-name=\"map (1)\" width=\"18\" height=\"24\" transform=\"translate(391 1061)\" xlink:href=\"data:image\/png;base64,iVBORw0KGgoAAAANSUhEUgAAABIAAAAYCAYAAAD3Va0xAAAABHNCSVQICAgIfAhkiAAAAblJREFUOE+VlEsohUEUx115LDwiLMROYuVmQaE8IlIexU7WUtdWUbYoW2XBjuyEEpHcEokoj7JBSijyKNdCV5LfqW80TTO+z9S\/mfM\/5\/y\/mTNnvlCCfbRDd4EKUOCFPDAfgUWwZKaFDKIEexrUOj6g6H0W\/eBUEbpQJeQuSPYR0d31GNtCKKF81ncg8R8iKrSIxbUSkp3UOEQu4L9BqcN\/Bh8WITnSgSXoHa4bbHq+OuYFkGuJbRShSTBgcUrBdww+jH2slUS5Z0XoRLZmJBx6O7WdZg+yynBcilAcpBiOLewmR0024JsNX1yEXkG24fjELgRPBp+G\/Qhk1kdMhJZBp+XrUgvp8HvPl+fFVltioyLUC+Ycx\/iAXwNy\/S0g0xEXEaFUEANmnRw5VjpLNeQE7sH\/ZGqxM6z7lFAGxhswH3EQbands544DDEWJFOLGWU9Ira5g1s4ufYgQ9omRwWaQvJw5QEHGa0ErbuEhJ8HPT5KK\/g79BhbcaUNXkC6Q+zLO5K0zO9w3VIDEVGHUBv8qun767rHCR4yEqawI7YP+PWN\/NzLvMQr5mJX7fyEpNnOQRIoBzcuoR8BH0T1uHI0wwAAAABJRU5ErkJggg==\"><\/image><\/g><\/svg>\t\t\t\t\t\t<\/span>\n\t\t\t\t\t\t\t\t\t\t<span class=\"elementor-icon-list-text\">Rua Episcopal, 1859, Centro, S\u00e3o Carlos, SP<\/span>\n\t\t\t\t\t\t\t\t\t<\/li>\n\t\t\t\t\t\t\t\t<li class=\"elementor-icon-list-item\">\n\t\t\t\t\t\t\t\t\t\t\t<span class=\"elementor-icon-list-icon\">\n\t\t\t\t\t\t\t<svg xmlns=\"http:\/\/www.w3.org\/2000\/svg\" xmlns:xlink=\"http:\/\/www.w3.org\/1999\/xlink\" width=\"46\" height=\"46\" viewBox=\"0 0 46 46\"><g id=\"Headset\" transform=\"translate(-377 -1129)\"><circle id=\"Ellipse_582_copy\" data-name=\"Ellipse 582 copy\" cx=\"23\" cy=\"23\" r=\"23\" transform=\"translate(377 1129)\" fill=\"#ffcb24\"><\/circle><image id=\"customer-service\" width=\"28\" height=\"24\" transform=\"translate(386 1141)\" xlink:href=\"data:image\/png;base64,iVBORw0KGgoAAAANSUhEUgAAABwAAAAYCAYAAADpnJ2CAAAABHNCSVQICAgIfAhkiAAAAvBJREFUSEudlmmojkEUgN2QKHuKiCuyZU8Scq3J8kuEbInyD1myR\/ay\/pIlftjJWkT+oJst2fcsoUuylLqXiPA8txm9Ptf93s+pp5lv3jNzZs45c+bLq5BeaqPaB7pBG6gCz+EanIcHaZbKS6HUHJ3FMDaL7t2gd6Q8vWwGZzB5XVjAk2yGU\/AqjFWl7QHjYHwYO0E7Cj6VZbg8gxuZMA0+wjA4m1igccKl38K4Lt4bdF\/QtoPiTKP\/MrgQxWVwAXqGSYNpp0Iv8GRR7tPZAyvDwCzaNWBMjfUfUpbBTmhch6dg\/JR9oJvKk5d8HAp3YAEshx0wKTmpLIOPUGgBTcBFjMmQLMbi5x90GsIbeAgtIR90calkGmzFmK44DMNhMmxLaSyqma3GrzXo7t1gUv1lcD4jE0E3usvXYKZVy9Gg6t7Xc\/AEmsEm2A+FnlAuQ9ewsO5oAJ3Bq\/A\/cpBJI2EFeJAoBRqbBzHD\/HAGBsIcWA2fYQTcApOgN\/QF43IMzESrj9fnQOjfo20b5mk8SpEGzSo\/RrlIx8u8FBbBTTBzFeO6FvLDb6+A8ekQfo+hNWZuRh2\/7UysXerO91A3MehOrZtTwMryFUYHw9tpC6B\/WPQorcnRHeIJDYWHaA9WKatVlGINvoV6yV3Qd7wpPMsYT\/vTU02A02B4opS48BWICRM\/uONL8AHqpLWS0OtC34QrAjP+t2hwJhiXpMwOY14TEyUXuYGybtWlJlpSnmmwMjwGK0uU6BJ\/e39M8TRSgpKhMC\/M1Mxa2i9WGmO4BcxWS5KF+2qwMJd2VQprJooFXjdugOlQCDWgEiyBQ9neQ+3EamNxsPr0g5phAz9pddsuWB\/G4kvjeMfMjaYx6GW+DVaNKLXoGIp3ibFG9LfCoLAJi8GX\/zGYOceHtiJ8h\/rg++hrPyAo\/vUkJRdIc8Kkvs\/U8WAwcyNeI2PvX5B\/Sq4GvT5eo6SYmcbKBzur5GrQq+MpqoeVTRrL3cmsloLCLwf0mTzzBtW9AAAAAElFTkSuQmCC\"><\/image><\/g><\/svg>\t\t\t\t\t\t<\/span>\n\t\t\t\t\t\t\t\t\t\t<span class=\"elementor-icon-list-text\"> (16) 3362-5044<\/span>\n\t\t\t\t\t\t\t\t\t<\/li>\n\t\t\t\t\t\t\t\t<li class=\"elementor-icon-list-item\">\n\t\t\t\t\t\t\t\t\t\t\t<span class=\"elementor-icon-list-icon\">\n\t\t\t\t\t\t\t<svg xmlns=\"http:\/\/www.w3.org\/2000\/svg\" xmlns:xlink=\"http:\/\/www.w3.org\/1999\/xlink\" width=\"46\" height=\"46\" viewBox=\"0 0 46 46\"><g id=\"email\" transform=\"translate(-377 -1214)\"><circle id=\"Ellipse_582_copy_2\" data-name=\"Ellipse 582 copy 2\" cx=\"23\" cy=\"23\" r=\"23\" transform=\"translate(377 1214)\" fill=\"#ffcb24\"><\/circle><image id=\"email_3_\" data-name=\"email (3)\" width=\"25\" height=\"17\" transform=\"translate(388 1229)\" xlink:href=\"data:image\/png;base64,iVBORw0KGgoAAAANSUhEUgAAABkAAAARCAYAAAAougcOAAAABHNCSVQICAgIfAhkiAAAAcBJREFUOE+tlEkoRlEUxymZSkphJbEkNthZsLCRjbXUJ3MZwwJlDpkyZsiwsbOUlI0VCRsRO2UpmS0Mhd+f+9Xred9neF793nnv3nPO\/91z7ruBAZ9XFmzCMzyZMTcmmOAQyIO1QG7FsABNMOAmsy22m\/c2KJTImxEpwRbA8j8IVZJjBkahViIvEARd0G5WNu9CqI7YMUtlXiVyA5EmaR+2BTyw9AehKmKmoBV6TPytRO4gwpKwg+dOKIW5XwjV4jsODTBkibt3EtF8r\/maIuziD4Rq8JmAZhNrDfEpIif1R32qgGk\/Qo3MDYPsoIOfXxH5q2wqnwecelTN+CTUw4iPD\/Er8kBQDuyY4DLsrCWRau9NnMqzfuao36zkFudEuIJD2IZyU7p+rHqmH1flyYVkCIdTiLUJOa5EAglwDfuQZoI6sCqf97LuohMGk0BHyZlN6IuItrNWcAl7kG77qhXe1yEbCm1zWrHKFmaEos38h4j3Z\/xOwJbT8fWYUZUu1AjFYO+8Z5fOL9XyAnYh4ycZffgcMZ5iVqSehkpEzcqHA\/Osfri9zkkQB\/GwKhEt7RE2QFv23q0C8TqmtiATgt4B\/PVotkHPRbQAAAAASUVORK5CYII=\"><\/image><\/g><\/svg>\t\t\t\t\t\t<\/span>\n\t\t\t\t\t\t\t\t\t\t<span class=\"elementor-icon-list-text\">suporte@colsaocarlos.com.br<\/span>\n\t\t\t\t\t\t\t\t\t<\/li>\n\t\t\t\t\t\t<\/ul>\n\t\t\t\t\t\t<\/div>\n\t\t\t\t<\/div>\n\t\t\t\t<div class=\"elementor-element elementor-element-16c247a elementor-icon-list--layout-traditional elementor-list-item-link-full_width elementor-widget elementor-widget-icon-list\" data-id=\"16c247a\" data-element_type=\"widget\" data-widget_type=\"icon-list.default\">\n\t\t\t\t<div class=\"elementor-widget-container\">\n\t\t\t\t\t\t\t<ul class=\"elementor-icon-list-items\">\n\t\t\t\t\t\t\t<li class=\"elementor-icon-list-item\">\n\t\t\t\t\t\t\t\t\t\t\t<span class=\"elementor-icon-list-icon\">\n\t\t\t\t\t\t\t<svg aria-hidden=\"true\" class=\"e-font-icon-svg e-fab-whatsapp-square\" viewBox=\"0 0 448 512\" xmlns=\"http:\/\/www.w3.org\/2000\/svg\"><path d=\"M224 122.8c-72.7 0-131.8 59.1-131.9 131.8 0 24.9 7 49.2 20.2 70.1l3.1 5-13.3 48.6 49.9-13.1 4.8 2.9c20.2 12 43.4 18.4 67.1 18.4h.1c72.6 0 133.3-59.1 133.3-131.8 0-35.2-15.2-68.3-40.1-93.2-25-25-58-38.7-93.2-38.7zm77.5 188.4c-3.3 9.3-19.1 17.7-26.7 18.8-12.6 1.9-22.4.9-47.5-9.9-39.7-17.2-65.7-57.2-67.7-59.8-2-2.6-16.2-21.5-16.2-41s10.2-29.1 13.9-33.1c3.6-4 7.9-5 10.6-5 2.6 0 5.3 0 7.6.1 2.4.1 5.7-.9 8.9 6.8 3.3 7.9 11.2 27.4 12.2 29.4s1.7 4.3.3 6.9c-7.6 15.2-15.7 14.6-11.6 21.6 15.3 26.3 30.6 35.4 53.9 47.1 4 2 6.3 1.7 8.6-1 2.3-2.6 9.9-11.6 12.5-15.5 2.6-4 5.3-3.3 8.9-2 3.6 1.3 23.1 10.9 27.1 12.9s6.6 3 7.6 4.6c.9 1.9.9 9.9-2.4 19.1zM400 32H48C21.5 32 0 53.5 0 80v352c0 26.5 21.5 48 48 48h352c26.5 0 48-21.5 48-48V80c0-26.5-21.5-48-48-48zM223.9 413.2c-26.6 0-52.7-6.7-75.8-19.3L64 416l22.5-82.2c-13.9-24-21.2-51.3-21.2-79.3C65.4 167.1 136.5 96 223.9 96c42.4 0 82.2 16.5 112.2 46.5 29.9 30 47.9 69.8 47.9 112.2 0 87.4-72.7 158.5-160.1 158.5z\"><\/path><\/svg>\t\t\t\t\t\t<\/span>\n\t\t\t\t\t\t\t\t\t\t<span class=\"elementor-icon-list-text\">Atendimento via Whatsapp<\/span>\n\t\t\t\t\t\t\t\t\t<\/li>\n\t\t\t\t\t\t<\/ul>\n\t\t\t\t\t\t<\/div>\n\t\t\t\t<\/div>\n\t\t\t\t<\/div>\n\t\t<div class=\"elementor-element elementor-element-ceccb6e e-con-full e-flex e-con e-child\" data-id=\"ceccb6e\" data-element_type=\"container\">\n\t\t\t\t<div class=\"elementor-element elementor-element-3859ae9 elementor-widget elementor-widget-heading\" data-id=\"3859ae9\" data-element_type=\"widget\" data-widget_type=\"heading.default\">\n\t\t\t\t<div class=\"elementor-widget-container\">\n\t\t\t\t\t<h2 class=\"elementor-heading-title elementor-size-default\">Ensino M\u00e9dio<\/h2>\t\t\t\t<\/div>\n\t\t\t\t<\/div>\n\t\t\t\t<div class=\"elementor-element elementor-element-27f3f2f elementor-widget elementor-widget-spacer\" data-id=\"27f3f2f\" data-element_type=\"widget\" data-widget_type=\"spacer.default\">\n\t\t\t\t<div class=\"elementor-widget-container\">\n\t\t\t\t\t\t\t<div class=\"elementor-spacer\">\n\t\t\t<div class=\"elementor-spacer-inner\"><\/div>\n\t\t<\/div>\n\t\t\t\t\t\t<\/div>\n\t\t\t\t<\/div>\n\t\t\t\t<div class=\"elementor-element elementor-element-63a9b32 elementor-icon-list--layout-traditional elementor-list-item-link-full_width elementor-widget elementor-widget-icon-list\" data-id=\"63a9b32\" data-element_type=\"widget\" data-widget_type=\"icon-list.default\">\n\t\t\t\t<div class=\"elementor-widget-container\">\n\t\t\t\t\t\t\t<ul class=\"elementor-icon-list-items\">\n\t\t\t\t\t\t\t<li class=\"elementor-icon-list-item\">\n\t\t\t\t\t\t\t\t\t\t\t<span class=\"elementor-icon-list-icon\">\n\t\t\t\t\t\t\t<svg xmlns=\"http:\/\/www.w3.org\/2000\/svg\" xmlns:xlink=\"http:\/\/www.w3.org\/1999\/xlink\" width=\"46\" height=\"46\" viewBox=\"0 0 46 46\"><g id=\"LOCAL\" transform=\"translate(-377 -1049)\"><circle id=\"Ellipse_582\" data-name=\"Ellipse 582\" cx=\"23\" cy=\"23\" r=\"23\" transform=\"translate(377 1049)\" fill=\"#ffcb24\"><\/circle><image id=\"map_1_\" data-name=\"map (1)\" width=\"18\" height=\"24\" transform=\"translate(391 1061)\" xlink:href=\"data:image\/png;base64,iVBORw0KGgoAAAANSUhEUgAAABIAAAAYCAYAAAD3Va0xAAAABHNCSVQICAgIfAhkiAAAAblJREFUOE+VlEsohUEUx115LDwiLMROYuVmQaE8IlIexU7WUtdWUbYoW2XBjuyEEpHcEokoj7JBSijyKNdCV5LfqW80TTO+z9S\/mfM\/5\/y\/mTNnvlCCfbRDd4EKUOCFPDAfgUWwZKaFDKIEexrUOj6g6H0W\/eBUEbpQJeQuSPYR0d31GNtCKKF81ncg8R8iKrSIxbUSkp3UOEQu4L9BqcN\/Bh8WITnSgSXoHa4bbHq+OuYFkGuJbRShSTBgcUrBdww+jH2slUS5Z0XoRLZmJBx6O7WdZg+yynBcilAcpBiOLewmR0024JsNX1yEXkG24fjELgRPBp+G\/Qhk1kdMhJZBp+XrUgvp8HvPl+fFVltioyLUC+Ycx\/iAXwNy\/S0g0xEXEaFUEANmnRw5VjpLNeQE7sH\/ZGqxM6z7lFAGxhswH3EQbands544DDEWJFOLGWU9Ira5g1s4ufYgQ9omRwWaQvJw5QEHGa0ErbuEhJ8HPT5KK\/g79BhbcaUNXkC6Q+zLO5K0zO9w3VIDEVGHUBv8qun767rHCR4yEqawI7YP+PWN\/NzLvMQr5mJX7fyEpNnOQRIoBzcuoR8BH0T1uHI0wwAAAABJRU5ErkJggg==\"><\/image><\/g><\/svg>\t\t\t\t\t\t<\/span>\n\t\t\t\t\t\t\t\t\t\t<span class=\"elementor-icon-list-text\">Rua Episcopal, 1859, Centro, S\u00e3o Carlos, SP<\/span>\n\t\t\t\t\t\t\t\t\t<\/li>\n\t\t\t\t\t\t\t\t<li class=\"elementor-icon-list-item\">\n\t\t\t\t\t\t\t\t\t\t\t<span class=\"elementor-icon-list-icon\">\n\t\t\t\t\t\t\t<svg xmlns=\"http:\/\/www.w3.org\/2000\/svg\" xmlns:xlink=\"http:\/\/www.w3.org\/1999\/xlink\" width=\"46\" height=\"46\" viewBox=\"0 0 46 46\"><g id=\"Headset\" transform=\"translate(-377 -1129)\"><circle id=\"Ellipse_582_copy\" data-name=\"Ellipse 582 copy\" cx=\"23\" cy=\"23\" r=\"23\" transform=\"translate(377 1129)\" fill=\"#ffcb24\"><\/circle><image id=\"customer-service\" width=\"28\" height=\"24\" transform=\"translate(386 1141)\" xlink:href=\"data:image\/png;base64,iVBORw0KGgoAAAANSUhEUgAAABwAAAAYCAYAAADpnJ2CAAAABHNCSVQICAgIfAhkiAAAAvBJREFUSEudlmmojkEUgN2QKHuKiCuyZU8Scq3J8kuEbInyD1myR\/ay\/pIlftjJWkT+oJst2fcsoUuylLqXiPA8txm9Ptf93s+pp5lv3jNzZs45c+bLq5BeaqPaB7pBG6gCz+EanIcHaZbKS6HUHJ3FMDaL7t2gd6Q8vWwGZzB5XVjAk2yGU\/AqjFWl7QHjYHwYO0E7Cj6VZbg8gxuZMA0+wjA4m1igccKl38K4Lt4bdF\/QtoPiTKP\/MrgQxWVwAXqGSYNpp0Iv8GRR7tPZAyvDwCzaNWBMjfUfUpbBTmhch6dg\/JR9oJvKk5d8HAp3YAEshx0wKTmpLIOPUGgBTcBFjMmQLMbi5x90GsIbeAgtIR90calkGmzFmK44DMNhMmxLaSyqma3GrzXo7t1gUv1lcD4jE0E3usvXYKZVy9Gg6t7Xc\/AEmsEm2A+FnlAuQ9ewsO5oAJ3Bq\/A\/cpBJI2EFeJAoBRqbBzHD\/HAGBsIcWA2fYQTcApOgN\/QF43IMzESrj9fnQOjfo20b5mk8SpEGzSo\/RrlIx8u8FBbBTTBzFeO6FvLDb6+A8ekQfo+hNWZuRh2\/7UysXerO91A3MehOrZtTwMryFUYHw9tpC6B\/WPQorcnRHeIJDYWHaA9WKatVlGINvoV6yV3Qd7wpPMsYT\/vTU02A02B4opS48BWICRM\/uONL8AHqpLWS0OtC34QrAjP+t2hwJhiXpMwOY14TEyUXuYGybtWlJlpSnmmwMjwGK0uU6BJ\/e39M8TRSgpKhMC\/M1Mxa2i9WGmO4BcxWS5KF+2qwMJd2VQprJooFXjdugOlQCDWgEiyBQ9neQ+3EamNxsPr0g5phAz9pddsuWB\/G4kvjeMfMjaYx6GW+DVaNKLXoGIp3ibFG9LfCoLAJi8GX\/zGYOceHtiJ8h\/rg++hrPyAo\/vUkJRdIc8Kkvs\/U8WAwcyNeI2PvX5B\/Sq4GvT5eo6SYmcbKBzur5GrQq+MpqoeVTRrL3cmsloLCLwf0mTzzBtW9AAAAAElFTkSuQmCC\"><\/image><\/g><\/svg>\t\t\t\t\t\t<\/span>\n\t\t\t\t\t\t\t\t\t\t<span class=\"elementor-icon-list-text\"> (16) 3362-5044<\/span>\n\t\t\t\t\t\t\t\t\t<\/li>\n\t\t\t\t\t\t\t\t<li class=\"elementor-icon-list-item\">\n\t\t\t\t\t\t\t\t\t\t\t<span class=\"elementor-icon-list-icon\">\n\t\t\t\t\t\t\t<svg xmlns=\"http:\/\/www.w3.org\/2000\/svg\" xmlns:xlink=\"http:\/\/www.w3.org\/1999\/xlink\" width=\"46\" height=\"46\" viewBox=\"0 0 46 46\"><g id=\"email\" transform=\"translate(-377 -1214)\"><circle id=\"Ellipse_582_copy_2\" data-name=\"Ellipse 582 copy 2\" cx=\"23\" cy=\"23\" r=\"23\" transform=\"translate(377 1214)\" fill=\"#ffcb24\"><\/circle><image id=\"email_3_\" data-name=\"email (3)\" width=\"25\" height=\"17\" transform=\"translate(388 1229)\" xlink:href=\"data:image\/png;base64,iVBORw0KGgoAAAANSUhEUgAAABkAAAARCAYAAAAougcOAAAABHNCSVQICAgIfAhkiAAAAcBJREFUOE+tlEkoRlEUxymZSkphJbEkNthZsLCRjbXUJ3MZwwJlDpkyZsiwsbOUlI0VCRsRO2UpmS0Mhd+f+9Xred9neF793nnv3nPO\/91z7ruBAZ9XFmzCMzyZMTcmmOAQyIO1QG7FsABNMOAmsy22m\/c2KJTImxEpwRbA8j8IVZJjBkahViIvEARd0G5WNu9CqI7YMUtlXiVyA5EmaR+2BTyw9AehKmKmoBV6TPytRO4gwpKwg+dOKIW5XwjV4jsODTBkibt3EtF8r\/maIuziD4Rq8JmAZhNrDfEpIif1R32qgGk\/Qo3MDYPsoIOfXxH5q2wqnwecelTN+CTUw4iPD\/Er8kBQDuyY4DLsrCWRau9NnMqzfuao36zkFudEuIJD2IZyU7p+rHqmH1flyYVkCIdTiLUJOa5EAglwDfuQZoI6sCqf97LuohMGk0BHyZlN6IuItrNWcAl7kG77qhXe1yEbCm1zWrHKFmaEos38h4j3Z\/xOwJbT8fWYUZUu1AjFYO+8Z5fOL9XyAnYh4ycZffgcMZ5iVqSehkpEzcqHA\/Osfri9zkkQB\/GwKhEt7RE2QFv23q0C8TqmtiATgt4B\/PVotkHPRbQAAAAASUVORK5CYII=\"><\/image><\/g><\/svg>\t\t\t\t\t\t<\/span>\n\t\t\t\t\t\t\t\t\t\t<span class=\"elementor-icon-list-text\">suporte@colsaocarlos.com.br<\/span>\n\t\t\t\t\t\t\t\t\t<\/li>\n\t\t\t\t\t\t<\/ul>\n\t\t\t\t\t\t<\/div>\n\t\t\t\t<\/div>\n\t\t\t\t<div class=\"elementor-element elementor-element-891192e elementor-icon-list--layout-traditional elementor-list-item-link-full_width elementor-widget elementor-widget-icon-list\" data-id=\"891192e\" data-element_type=\"widget\" data-widget_type=\"icon-list.default\">\n\t\t\t\t<div class=\"elementor-widget-container\">\n\t\t\t\t\t\t\t<ul class=\"elementor-icon-list-items\">\n\t\t\t\t\t\t\t<li class=\"elementor-icon-list-item\">\n\t\t\t\t\t\t\t\t\t\t\t<span class=\"elementor-icon-list-icon\">\n\t\t\t\t\t\t\t<svg aria-hidden=\"true\" class=\"e-font-icon-svg e-fab-whatsapp-square\" viewBox=\"0 0 448 512\" xmlns=\"http:\/\/www.w3.org\/2000\/svg\"><path d=\"M224 122.8c-72.7 0-131.8 59.1-131.9 131.8 0 24.9 7 49.2 20.2 70.1l3.1 5-13.3 48.6 49.9-13.1 4.8 2.9c20.2 12 43.4 18.4 67.1 18.4h.1c72.6 0 133.3-59.1 133.3-131.8 0-35.2-15.2-68.3-40.1-93.2-25-25-58-38.7-93.2-38.7zm77.5 188.4c-3.3 9.3-19.1 17.7-26.7 18.8-12.6 1.9-22.4.9-47.5-9.9-39.7-17.2-65.7-57.2-67.7-59.8-2-2.6-16.2-21.5-16.2-41s10.2-29.1 13.9-33.1c3.6-4 7.9-5 10.6-5 2.6 0 5.3 0 7.6.1 2.4.1 5.7-.9 8.9 6.8 3.3 7.9 11.2 27.4 12.2 29.4s1.7 4.3.3 6.9c-7.6 15.2-15.7 14.6-11.6 21.6 15.3 26.3 30.6 35.4 53.9 47.1 4 2 6.3 1.7 8.6-1 2.3-2.6 9.9-11.6 12.5-15.5 2.6-4 5.3-3.3 8.9-2 3.6 1.3 23.1 10.9 27.1 12.9s6.6 3 7.6 4.6c.9 1.9.9 9.9-2.4 19.1zM400 32H48C21.5 32 0 53.5 0 80v352c0 26.5 21.5 48 48 48h352c26.5 0 48-21.5 48-48V80c0-26.5-21.5-48-48-48zM223.9 413.2c-26.6 0-52.7-6.7-75.8-19.3L64 416l22.5-82.2c-13.9-24-21.2-51.3-21.2-79.3C65.4 167.1 136.5 96 223.9 96c42.4 0 82.2 16.5 112.2 46.5 29.9 30 47.9 69.8 47.9 112.2 0 87.4-72.7 158.5-160.1 158.5z\"><\/path><\/svg>\t\t\t\t\t\t<\/span>\n\t\t\t\t\t\t\t\t\t\t<span class=\"elementor-icon-list-text\">Atendimento via Whatsapp<\/span>\n\t\t\t\t\t\t\t\t\t<\/li>\n\t\t\t\t\t\t<\/ul>\n\t\t\t\t\t\t<\/div>\n\t\t\t\t<\/div>\n\t\t\t\t<div class=\"elementor-element elementor-element-f58dc94 elementor-widget elementor-widget-spacer\" data-id=\"f58dc94\" data-element_type=\"widget\" data-widget_type=\"spacer.default\">\n\t\t\t\t<div class=\"elementor-widget-container\">\n\t\t\t\t\t\t\t<div class=\"elementor-spacer\">\n\t\t\t<div class=\"elementor-spacer-inner\"><\/div>\n\t\t<\/div>\n\t\t\t\t\t\t<\/div>\n\t\t\t\t<\/div>\n\t\t\t\t<\/div>\n\t\t\t\t\t<\/div>\n\t\t\t\t<\/div>\n\t\t<div class=\"elementor-element elementor-element-d6a5d9c e-flex e-con-boxed e-con e-parent\" data-id=\"d6a5d9c\" data-element_type=\"container\">\n\t\t\t\t\t<div class=\"e-con-inner\">\n\t\t\t\t<div class=\"elementor-element elementor-element-ffa3bd6 elementor-widget elementor-widget-spacer\" data-id=\"ffa3bd6\" data-element_type=\"widget\" data-widget_type=\"spacer.default\">\n\t\t\t\t<div class=\"elementor-widget-container\">\n\t\t\t\t\t\t\t<div class=\"elementor-spacer\">\n\t\t\t<div class=\"elementor-spacer-inner\"><\/div>\n\t\t<\/div>\n\t\t\t\t\t\t<\/div>\n\t\t\t\t<\/div>\n\t\t\t\t<div class=\"elementor-element elementor-element-5cb1ce7 elementor-widget elementor-widget-heading\" data-id=\"5cb1ce7\" data-element_type=\"widget\" data-settings=\"{&quot;_animation_laptop&quot;:&quot;fadeInDown&quot;}\" data-widget_type=\"heading.default\">\n\t\t\t\t<div class=\"elementor-widget-container\">\n\t\t\t\t\t<h2 class=\"elementor-heading-title elementor-size-default\">Alguma d\u00favida?<\/h2>\t\t\t\t<\/div>\n\t\t\t\t<\/div>\n\t\t\t\t<div class=\"elementor-element elementor-element-a19f90f elementor-widget elementor-widget-text-editor\" data-id=\"a19f90f\" data-element_type=\"widget\" data-widget_type=\"text-editor.default\">\n\t\t\t\t<div class=\"elementor-widget-container\">\n\t\t\t\t\t\t\t\t\t<p>Entre em contato com nossa equipe e tire todas sua d\u00favidas.<\/p>\t\t\t\t\t\t\t\t<\/div>\n\t\t\t\t<\/div>\n\t\t\t\t<div class=\"elementor-element elementor-element-e7308c1 elementor-widget elementor-widget-spacer\" data-id=\"e7308c1\" data-element_type=\"widget\" data-widget_type=\"spacer.default\">\n\t\t\t\t<div class=\"elementor-widget-container\">\n\t\t\t\t\t\t\t<div class=\"elementor-spacer\">\n\t\t\t<div class=\"elementor-spacer-inner\"><\/div>\n\t\t<\/div>\n\t\t\t\t\t\t<\/div>\n\t\t\t\t<\/div>\n\t\t\t\t<div class=\"elementor-element elementor-element-b4e9068 elementor-button-align-center elementor-widget__width-initial elementor-widget elementor-widget-form\" data-id=\"b4e9068\" data-element_type=\"widget\" data-settings=\"{&quot;step_next_label&quot;:&quot;Next&quot;,&quot;step_previous_label&quot;:&quot;Previous&quot;,&quot;button_width&quot;:&quot;100&quot;,&quot;step_type&quot;:&quot;number_text&quot;,&quot;step_icon_shape&quot;:&quot;circle&quot;}\" data-widget_type=\"form.default\">\n\t\t\t\t<div class=\"elementor-widget-container\">\n\t\t\t\t\t\t\t<form class=\"elementor-form\" method=\"post\" name=\"FORMUL\u00c1RIO CONTATO \" novalidate=\"\">\n\t\t\t<input type=\"hidden\" name=\"post_id\" value=\"643\"\/>\n\t\t\t<input type=\"hidden\" name=\"form_id\" value=\"b4e9068\"\/>\n\t\t\t<input type=\"hidden\" name=\"referer_title\" value=\"\" \/>\n\n\t\t\t\n\t\t\t<div class=\"elementor-form-fields-wrapper elementor-labels-above\">\n\t\t\t\t\t\t\t\t<div class=\"elementor-field-type-text elementor-field-group elementor-column elementor-field-group-nome elementor-col-100\">\n\t\t\t\t\t\t\t\t\t\t\t\t\t<input size=\"1\" type=\"text\" name=\"form_fields[nome]\" id=\"form-field-nome\" class=\"elementor-field elementor-size-md  elementor-field-textual\" placeholder=\"Digite seu nome...\">\n\t\t\t\t\t\t\t\t\t\t\t<\/div>\n\t\t\t\t\t\t\t\t<div class=\"elementor-field-type-email elementor-field-group elementor-column elementor-field-group-email elementor-col-100\">\n\t\t\t\t\t\t\t\t\t\t\t\t\t<input size=\"1\" type=\"email\" name=\"form_fields[email]\" id=\"form-field-email\" class=\"elementor-field elementor-size-md  elementor-field-textual\" placeholder=\"Digite seu email...\">\n\t\t\t\t\t\t\t\t\t\t\t<\/div>\n\t\t\t\t\t\t\t\t<div class=\"elementor-field-type-tel elementor-field-group elementor-column elementor-field-group-telefone elementor-col-100\">\n\t\t\t\t\t\t\t<input size=\"1\" type=\"tel\" name=\"form_fields[telefone]\" id=\"form-field-telefone\" class=\"elementor-field elementor-size-md  elementor-field-textual\" placeholder=\"Digite seu telefone de contato....\" pattern=\"[0-9()#&amp;+*-=.]+\" title=\"Apenas n\u00fameros e caracteres de telefone (#, -, *, etc.) s\u00e3o aceitos.\">\n\n\t\t\t\t\t\t<\/div>\n\t\t\t\t\t\t\t\t<div class=\"elementor-field-type-textarea elementor-field-group elementor-column elementor-field-group-assunto elementor-col-100\">\n\t\t\t\t\t<textarea class=\"elementor-field-textual elementor-field  elementor-size-md\" name=\"form_fields[assunto]\" id=\"form-field-assunto\" rows=\"4\" placeholder=\"Assunto:\"><\/textarea>\t\t\t\t<\/div>\n\t\t\t\t\t\t\t\t<div class=\"elementor-field-type-recaptcha_v3 elementor-field-group elementor-column elementor-field-group-field_8b62a3d elementor-col-100 recaptcha_v3-inline\">\n\t\t\t\t\t<div class=\"elementor-field\" id=\"form-field-field_8b62a3d\"><div class=\"elementor-g-recaptcha\" data-sitekey=\"6LcASMopAAAAAAMQ9RinE-U1rc3u8G6xgNf-M1cU\" data-type=\"v3\" data-action=\"Form\" data-badge=\"inline\" data-size=\"invisible\"><\/div><\/div>\t\t\t\t<\/div>\n\t\t\t\t\t\t\t\t<div class=\"elementor-field-group elementor-column elementor-field-type-submit elementor-col-100 e-form__buttons\">\n\t\t\t\t\t<button class=\"elementor-button elementor-size-sm\" type=\"submit\">\n\t\t\t\t\t\t<span class=\"elementor-button-content-wrapper\">\n\t\t\t\t\t\t\t\t\t\t\t\t\t\t\t\t\t\t\t\t\t\t<span class=\"elementor-button-text\">Enviar<\/span>\n\t\t\t\t\t\t\t\t\t\t\t\t\t<\/span>\n\t\t\t\t\t<\/button>\n\t\t\t\t<\/div>\n\t\t\t<\/div>\n\t\t<\/form>\n\t\t\t\t\t\t<\/div>\n\t\t\t\t<\/div>\n\t\t\t\t<div class=\"elementor-element elementor-element-491b92e elementor-widget elementor-widget-spacer\" data-id=\"491b92e\" data-element_type=\"widget\" data-widget_type=\"spacer.default\">\n\t\t\t\t<div class=\"elementor-widget-container\">\n\t\t\t\t\t\t\t<div class=\"elementor-spacer\">\n\t\t\t<div class=\"elementor-spacer-inner\"><\/div>\n\t\t<\/div>\n\t\t\t\t\t\t<\/div>\n\t\t\t\t<\/div>\n\t\t\t\t\t<\/div>\n\t\t\t\t<\/div>\n\t\t\t\t<\/div>\n\t\t","protected":false},"excerpt":{"rendered":"<p>Contato Contato Ensino Fundamental Rua Episcopal, 1859, Centro, S\u00e3o Carlos, SP (16) 3362-5044 suporte@colsaocarlos.com.br Atendimento via Whatsapp Ensino M\u00e9dio Rua Episcopal, 1859, Centro, S\u00e3o Carlos, SP (16) 3362-5044 suporte@colsaocarlos.com.br Atendimento via Whatsapp Alguma d\u00favida? Entre em contato com nossa equipe e tire todas sua d\u00favidas.<\/p>\n","protected":false},"author":1,"featured_media":0,"parent":0,"menu_order":0,"comment_status":"closed","ping_status":"closed","template":"","meta":{"footnotes":""},"_links":{"self":[{"href":"https:\/\/sacramentinassp.com.br\/index.php\/wp-json\/wp\/v2\/pages\/643"}],"collection":[{"href":"https:\/\/sacramentinassp.com.br\/index.php\/wp-json\/wp\/v2\/pages"}],"about":[{"href":"https:\/\/sacramentinassp.com.br\/index.php\/wp-json\/wp\/v2\/types\/page"}],"author":[{"embeddable":true,"href":"https:\/\/sacramentinassp.com.br\/index.php\/wp-json\/wp\/v2\/users\/1"}],"replies":[{"embeddable":true,"href":"https:\/\/sacramentinassp.com.br\/index.php\/wp-json\/wp\/v2\/comments?post=643"}],"version-history":[{"count":70,"href":"https:\/\/sacramentinassp.com.br\/index.php\/wp-json\/wp\/v2\/pages\/643\/revisions"}],"predecessor-version":[{"id":945,"href":"https:\/\/sacramentinassp.com.br\/index.php\/wp-json\/wp\/v2\/pages\/643\/revisions\/945"}],"wp:attachment":[{"href":"https:\/\/sacramentinassp.com.br\/index.php\/wp-json\/wp\/v2\/media?parent=643"}],"curies":[{"name":"wp","href":"https:\/\/api.w.org\/{rel}","templated":true}]}}